40*i - 91. Give x(3).
-1123
Let k(n) = -2*n**3 - 237*n**2 - 582*n - 260. Give k(-116).
-28
Let g(k) = -35772*k - 12019370. What is g(-336)?
22
Let m(u) = -15*u**3 - 6091*u**2 - 399*u + 2880. What is m(-406)?
38
Let q(o) = o**3 - 489*o**2 + 5716*o + 3837. Give q(477).
21
Let l(q) = -3*q**2 - 7785*q + 31180. Determine l(4).
-8
Let q(g) = 2*g**2 - 205*g - 4878. Give q(-21).
309
Let z(y) = -y**3 - 28*y**2 - 112*y + 27. Calculate z(-20).
-933
Let a(h) = -2*h**3 + 38*h**2 + 66*h - 1620. Determine a(19).
-366
Let q(w) = -31592*w + 7. Determine q(0).
7
Let t(y) = -28*y**2 - 11943*y - 5784. What is t(-426)?
606
Let p(q) = 21*q**2 + 167*q - 1018. Determine p(-12).
2
Let c(b) = 343*b**2 + 98*b + 186. Determine c(-2).
1362
Let p(y) = -y**3 - 1377*y**2 - 317600*y + 3531. Determine p(-293).
15
Let k(l) = -1065*l + 38356. Calculate k(36).
16
Let r(o) = 401*o - 19395. Calculate r(58).
3863
Let r(n) = 107*n - 17151. Give r(160).
-31
Let n(x) = -2*x**2 + 13*x + 10137. Give n(76).
-427
Let d(h) = -5226*h + 130659. Determine d(25).
9
Let m(h) = 2*h**3 + 79*h**2 + 256*h - 133. What is m(-36)?
-277
Let g(x) = -42*x**3 - 245*x**2 + 42*x + 7. Give g(-6).
7
Let a(i) = 2*i**3 - 2625*i**2 + 1160*i + 199431. Give a(1312).
7
Let x(o) = 185*o**3 - 45*o**2 + 156*o + 202. What is x(-1)?
-184
Let d(i) = 3*i**3 - 399*i**2 + 179*i - 23817. Give d(133).
-10
Let k(s) = 22*s**3 - 1078*s**2 - 8*s + 449. Determine k(49).
57
Let m(s) = -10381*s + 165930. Determine m(16).
-166
Let g(j) = -j**3 + 62*j**2 + 25*j - 797. Calculate g(62).
753
Let q(u) = -42194*u + 590768. Calculate q(14).
52
Let t(u) = 695*u - 24761. Give t(36).
259
Let g(f) = -2*f**2 - 30*f + 1576. Determine g(-36).
64
Let w(s) = -18*s**2 - 201*s + 4520. What is w(0)?
4520
Let g(t) = 2*t**2 + 5*t - 62. Calculate g(-6).
-20
Let q(z) = -2194*z**2 + 83*z - 56. What is q(1)?
-2167
Let w(r) = -r**3 + 1608*r - 4802. Calculate w(3).
-5
Let i(v) = 2*v**2 + 184*v - 598. Determine i(-75).
-3148
Let r(t) = 452*t - 7589. Give r(18).
547
Let w(n) = 114*n + 9514. Calculate w(-61).
2560
Let f(x) = -x**2 + 123400*x + 8889990. What is f(-72)?
6
Let i(p) = -2*p**2 + 504*p + 21328. Determine i(287).
1238
Let s(f) = 1346*f + 92485. Determine s(-69).
-389
Let k(q) = q**2 - 162*q - 7372. What is k(199)?
-9
Let v(h) = 290*h**2 + 1906*h + 68. Calculate v(-6).
-928
Let b(g) = -g**2 + 11*g + 8144. What is b(94)?
342
Let k(f) = -150758*f + 603004. Determine k(4).
-28
Let p(o) = -70*o**2 - 4105*o + 14569. Give p(-62).
-1
Let i(b) = -37366*b - 560693. Give i(-15).
-203
Let v(g) = -1043*g + 32343. What is v(31)?
10
Let o(d) = -2*d**3 - 125*d**2 + 80*d + 1102. Calculate o(-63).
31
Let n(s) = -3*s**3 - 6*s**2 - 15*s - 121. Determine n(-10).
2429
Let s(t) = 2*t**2 - 5978*t + 112861. Determine s(19).
1
Let d(l) = -7*l**2 + 259*l - 1644. What is d(29)?
-20
Let w(v) = v**3 + 99*v**2 + 419*v + 31587. Determine w(-98).
129
Let m(k) = k**3 - 30*k**2 + 35*k + 600. Calculate m(27).
-642
Let f(m) = m**3 - 24*m**2 - 2274*m + 987. What is f(61)?
-50
Let z(j) = -58213*j + 232868. What is z(4)?
16
Let q(p) = -10*p**2 + 42*p + 235. Determine q(-6).
-377
Let n(v) = 3*v**3 + 21*v**2 + 21*v + 111. What is n(-11)?
-1572
Let i(a) = -13*a**3 - 18*a**2 + 500*a + 516. Determine i(-1).
11
Let d(o) = -143*o**2 + 2377*o - 1414. Determine d(16).
10
Let a(r) = -123*r + 4103. What is a(27)?
782
Let o(g) = -7*g**3 + 46*g**2 - 44*g + 138. Determine o(6).
18
Let r(c) = 211*c - 10467. Determine r(50).
83
Let r(a) = -24185*a - 821763. Determine r(-34).
527
Let c(k) = -k**3 + 176*k**2 - 3521*k + 239. Give c(153).
-67
Let u(a) = -2803*a - 7786. Give u(-3).
623
Let i(l) = l**3 - 99*l**2 - 401*l + 30085. Calculate i(100).
-15
Let p(y) = -y**2 + 4624*y + 9253. Give p(-2).
1
Let j(s) = 12*s**2 - 934*s + 5036. Determine j(72).
-4
Let u(r) = 160283*r - 135. Calculate u(0).
-135
Let v(p) = -3*p**3 - 81*p**2 + 596*p - 13. Calculate v(6).
-1
Let q(d) = -d**2 + 2219*d - 37393. What is q(17)?
41
Let u(g) = -77*g**2 + 1860*g - 2216. What is u(23)?
-169
Let z(c) = 120*c**2 + 158*c - 272. Determine z(-6).
3100
Let i(o) = 10*o**2 - 246*o + 139. Determine i(24).
-5
Let w(a) = -14*a - 2371. Give w(-106).
-887
Let i(q) = q**2 + 531*q + 9638. Calculate i(-19).
-90
Let f(m) = -m**2 - 6*m + 365. Give f(-25).
-110
Let s(x) = 1278991*x + 5115966. What is s(-4)?
2
Let b(a) = 5369*a - 3167732. Give b(590).
-22
Let a(v) = 4*v**3 + 13*v**2 - 139*v - 583. Calculate a(-4).
-75
Let q(j) = -13*j**2 - 359*j + 2175. Calculate q(6).
-447
Let d(i) = -i**3 + 234*i**2 - 6*i - 79. Give d(0).
-79
Let u(q) = 23*q**2 - 2707*q + 10883. Calculate u(4).
423
Let l(g) = g**3 + 366*g**2 + 33226*g + 353. What is l(-199)?
1746
Let r(j) = j**2 - 46116*j + 875858. What is r(19)?
15
Let j(v) = -128*v + 1439. Determine j(12).
-97
Let i(j) = -4802902*j - 4802899. Give i(-1).
3
Let l(y) = y**2 - 2349*y + 30359. Calculate l(13).
-9
Let n(m) = m**3 + 18*m**2 - 246*m - 4349. Calculate n(-19).
-36
Let g(i) = -i**3 + 48*i**2 + 42*i - 615. What is g(49)?
-958
Let w(n) = 6*n**2 - 1203*n + 2989. Give w(198).
19
Let u(z) = -608*z - 101958. Calculate u(-167).
-422
Let u(s) = -70*s - 10699. Calculate u(-153).
11
Let o(u) = 8*u**2 - 4294*u + 38657. Determine o(9).
659
Let d(x) = -712*x - 9718. What is d(-14)?
250
Let a(i) = 20212*i + 505305. Calculate a(-25).
5
Let q(t) = 31*t**3 + 2667*t**2 + 99*t - 886. Give q(-86).
-2004
Let r(f) = -f**2 + 1917*f + 4814927. What is r(-1436)?
19
Let j(p) = -p**2 - 315*p - 21202. Give j(-96).
-178
Let u(o) = -4568*o - 1790654. Calculate u(-392).
2
Let w(u) = -31199*u + 62466. What is w(2)?
68
Let c(w) = -87593*w - 437987. Determine c(-5).
-22
Let p(o) = -35*o**2 - 1703*o + 4194. Give p(-51).
12
Let z(n) = -n**3 - 132*n**2 + 1788*n - 624. Determine z(12).
96
Let i(y) = 40*y + 1707. Determine i(-42).
27
Let m(c) = -1637*c**2 - 111311*c + 357. Calculate m(-68).
17
Let x(s) = -s**2 - 823*s - 18320. What is x(-23)?
80
Let z(n) = -37*n**3 - 109*n**2 + 7*n - 8. Determine z(-3).
-11
Let q(h) = 4*h**3 + 82*h**2 + 1106*h + 10389. What is q(-14)?
1
Let q(u) = -4*u**2 + 483*u + 4213. Calculate q(128).
501
Let m(q) = -2*q**3 + 87*q**2 - 53*q - 3046. Give m(42).
20
Let a(l) = l**3 + 277*l**2 - 5594*l + 8875. Give a(-296).
-5
Let i(v) = -10*v**2 + 380*v - 83. Calculate i(37).
287
Let r(t) = 153843*t + 769222. Give r(-5).
7
Let h(n) = -4*n**2 - 758*n + 3092. What is h(4)?
-4
Let q(a) = 14701*a - 88258. What is q(6)?
-52
Let z(f) = f**3 - 5*f**2 + 110773*f - 553870. Determine z(5).
-5
Let l(x) = -2*x**2 - 137*x - 1620. Determine l(-57).
-309
Let p(m) = 641083*m - 1282171. Calculate p(2).
-5
Let s(p) = 11330*p + 169869. Give s(-15).
-81
Let j(t) = 7752*t + 155267. Determine j(-20).
227
Let a(v) = v**3 + 77*v**2 - 957*v + 1083. Determine a(-88).
115
Let y(s) = -10067*s - 10117. Calculate y(-1).
-50
Let q(c) = -43*c**2 - 1233*c - 86. Calculate q(-28).
726
Let n(f) = f**3 - 165*f**2 + 5018*f - 2244. Calculate n(125).
6
Let v(k) = k**3 + 1917*k**2 - 9604*k - 17. Calculate v(5).
13
Let g(k) = -198*k - 12137. What is g(-61)?
-59
Let i(f) = f**3 + 37*f**2 - 638*f - 37. Calculate i(13).
119
Let n(a) = a**3 + 6*a**2 + a - 234. Give n(-13).
-1430
Let j(m) = 8372*m - 41712. Give j(5).
148
Let c(r) = -1327*r + 72910. Give c(55).
-75
Let m(p) = 4*p**2 + 8009*p - 343448. What is m(42)?
-14
Let b(f) = f**2 - 31*f - 1236. What is b(55)?
84
Let u(o) = 3*o**2 - 400*o - 17763. Calculate u(166).
-1495
Let m(k) = k**3 - 152*k**2 - 157*k + 2520. What is m(153)?
1908
Let o(l) = -6*l**3 + 491*l**2 + 51263*l - 161. Give o(142).
-19
Let q(f) = -f**2 - 1097*f - 87700. What is q(-89)?
2012
Let y(i) = 202802*i - 1014026. Determine y(5).
-16
Let f(x) = 9*x**2 + 33*x - 15936. What is f(-44)?
36
Let t(h) = 1207*h - 41967. Calculate t(33).
-2136
Let v(i) = 927*i - 7553. Calculate v(9).
790
Let f(m) = 28387*m - 1163854. Calculate f(41).
13
Let o(w) = 24407*w - 366126. What is o(15)?
-21
Let w(k) = -k**3 + 285*k**2 + 175*k + 31632. Determine w(286).
-114
Let r(i) = -108*i**2 + 41797*i + 83645. Determine r(389).
10
Let y(r) = -28*r**3 + 1586*r**2 - 3191*r + 27. Determine y(2).
-235
Let c(f) = -f**3 + 53*f**2 - 348*f - 4359. What is c(42)?
429
Let d(q) = -380*q**2 + 7235*q - 316. Determine d(19).
-31
Let i(l) = l**3 + 24*l**2 - 24*l + 309. Calculate i(-22).
1805
Let s(